r?
True
Let m = -4 + 6. Suppose 3*k = 5*g + 14, -3*k = g - 3*g - m. Is ((-263)/k)/(2/4) a prime number?
True
Suppose 2*r + 1778 = 2*s - 3*r, -4*s + 3*r + 3556 = 0. Is s prime?
False
Let q = -22 + 21. Let h(x) = 443*x**2 - x - 1. Is h(q) prime?
True
Let z = -3 + 7. Suppose -z*x + 183 = -181. Let w = -34 + x. Is w a composite number?
True
Suppose -4*l + v = 4*v - 840, 0 = 3*v. Let f = 305 - l. Is f a composite number?
True
Let k = 207 + 19. Is k a prime number?
False
Suppose 0 = 5*v - 5*w + 10, -2 - 2 = -3*v + w. Suppose 0 = -0*k - k + v. Suppose -k*d + 2*n = d - 36, 4*n = -5*d + 58. Is d composite?
True
Let l be 2/4*0/3. Let d(r) = r + 19. Is d(l) a composite number?
False
Let v(j) = 12*j**2 - 2. Is v(-5) composite?
True
Let n = 1 - 1. Suppose -3*x = -n*x. Suppose x = 2*v - 22 - 4. Is v composite?
False
Let p = -1085 + 2146. Is p composite?
False
Let c(s) = -s**3 + 3*s**2 + 2*s - 2. Let l be c(3). Suppose -5*u + 717 = 4*t, l*u + 3*t - 714 = -u. Is u a composite number?
True
Suppose 0 = -3*v - w - 4*w + 2346, 4*v + 2*w = 3142. Is v a prime number?
True
Let d(i) be the second derivative of i**4/4 - i**3/6 - 5*i**2 + 3*i. Let v be d(7). Suppose 4*g - v = 246. Is g a prime number?
False
Let t = -5 + 10. Suppose t*y - 2558 = 377. Is y composite?
False
Let u(l) = 60*l + 2. Let z(t) = 1. Let o(c) = -u(c) + 3*z(c). Is o(-5) a composite number?
True
Is 43*(3 - 0) - -2 prime?
True
Suppose 3*b - 5*s - 13 = b, 0 = -4*b + s - 19. Let x(t) = -t. Let d(v) = -6*v - 2. Let w(m) = d(m) - 2*x(m). Is w(b) a prime number?
False
Suppose 0 = -4*w - 16 + 140. Is w a composite number?
False
Let b be (6/(-6))/(1/6). Let y = 9 + b. Suppose -y*a + 2*a + 19 = 4*g, -a = 5*g - 20. Is a prime?
False
Let q = -11 - -13. Is 12/24 - (-745)/q a composite number?
False
Suppose -3*y = -5*x - 21, -3*x + y + 9 = -4*x. Is (-186)/4*x/9 a composite number?
False
Let v be ((-2)/(-3))/(4/(-72)). Let i = 31 + v. Suppose -38 = -3*j + i. Is j prime?
True
Let c be (-4)/(-10) - (-2076)/10. Suppose -2*j = -6*j + c. Suppose -2*m + j = 2*m. Is m a prime number?
True
Let w = 13 + -9. Suppose 0 = h - w, 0*b - 5*h = -2*b + 222. Is b prime?
False
Let q be 14/21 + (-322)/(-3). Let p = q + 151. Is p a prime number?
False
Let a(k) = k**3 + 4*k**2 + 2*k - 2. Let x be a(-2). Is 103 - -9 - (-2)/x a composite number?
False
Suppose 13*n = 12*n + 785. Is n composite?
True
Suppose -5*x = -20 - 75. Is x prime?
True
Suppose -223 = -2*l + l. Is l composite?
False
Let m(x) = x**2 - 6*x + 14. Let c be m(6). Suppose 18*h - 1876 = c*h. Is h composite?
True
Let i = -16 + -3. Let p be 1*(10*-1 - -2). Is (i/4)/(2/p) prime?
True
Suppose 3*s + 0*g + 3*g - 3 = 0, 5*g = 5. Suppose 381 = -s*z + 3*z. Is z a composite number?
False
Let g = 13 - 10. Is g/(-1)*42/(-9) a composite number?
True
Let g be (-178)/2*(3 - 2). Suppose 996 = -6*y - 0*y. Let t = g - y. Is t a prime number?
False
Suppose 2985 = 10*a - 1235. Is a a composite number?
True
Suppose 0 = -j - 1 - 8. Let z = j + 15. Let w(s) = 4*s + 7. Is w(z) a composite number?
False
Let f be -3 + (8 + -1)/1. Suppose -n - 49 = -f*c, -35 = -4*c - 3*n - 6. Is c composite?
False
Let d(n) = -2 + 1 + 6 - 3 - 5*n. Let b be d(-8). Suppose 0 = -2*x + b + 100. Is x prime?
True
Let r(j) = 7*j + 7. Suppose 0*c - c - 4*n = -22, -c + 17 = -n. Suppose 3*b - 4*m - 24 = -6, -3*m = 3*b - c. Is r(b) a composite number?
True
Suppose -8*l + 208 = -4*l. Let u be (0/(3 - 2))/(-3). Suppose -4*t + u*t + l = 0. Is t a composite number?
False
Let y(o) = 746*o**2 - o - 2. Is y(-1) a composite number?
True
Let s be (3 + 0 + -4)*-16. Is ((-628)/s)/(1/(-4)) a prime number?
True
Is -1201*(-4 - (-1 - 2)) composite?
False
Let s be -1 + 1 + -1 + 4. Suppose -2*n = -4*t + s*n + 225, -276 = -5*t + n. Is t a prime number?
False
Let o(g) = 2*g**2 - 2*g + 3. Suppose 0 = 3*t + l - 21, 2*l - 17 = -3*t + 1. Is o(t) prime?
False
Suppose -5*v - s + 4 = -0, -v + 20 = 5*s. Let w(n) = -n**3 - n**2 + 127. Is w(v) prime?
True
Let c(f) = f + 9. Let d be c(-8). Let y be (1/d)/(4/12). Suppose 0 = y*j + j - 92. Is j composite?
False
Let n = -7 + 10. Suppose -n*i + 447 = -432. Is i composite?
False
Is 13995/12 + -1 - 1/4 prime?
False
Suppose 3*h = -0 - 3. Let a be -2 + 4 + 32 + h. Let x = a + -20. Is x prime?
True
Suppose 3*w - 9*w = -12774. Is w a prime number?
True
Let l be 310/4 - (-2)/4. Let y be (-5)/(-3 + (2 - 0)). Suppose -200 = -5*j + y*f, -j - 26 = -5*f - l. Is j prime?
True
Let l = 1 + 4. Is (l - 0)*570/50 a composite number?
True
Let h be (-790)/((-1)/2*-2). Let m = h - -1299. Is m composite?
False
Suppose -17772 = -7*c + c. Is c composite?
True
Let w(v) = -20*v + 4. Let y be w(5). Suppose 6*u - r = u + 720, -4*u + 2*r + 582 = 0. Let q = u + y. Is q prime?
True
Suppose 4593 = 4*z + k, -5*z + 5730 = -0*z - k. Is z prime?
False
Let r = 18 + -11. Suppose 2*a - 45 = -r. Is a a composite number?
False
Let r(h) = -8*h + 7. Let g be r(-6). Is ((-6)/6)/((-1)/g) a prime number?
False
Suppose -17*h - 492 = -14*h. Let j = h + 427. Is j composite?
False
Suppose -q - 4 = -3*q. Suppose -3*v = 4*n - 219, 71 = -v + 2*v + q*n. Is v a prime number?
False
Suppose k - 2458 = -k. Is k a composite number?
False
Is -3*(-10*(-44)/(-6) - 1) prime?
True
Is ((-5)/(-10) - 1403/2)*-1 composite?
False
Suppose -c = -5*k + 1464, c - 874 = -3*k + 6*c. Is k composite?
False
Is 6/8 - (-17157)/84 prime?
False
Is (-1425)/(-6) + 8/(-16) composite?
True
Let p(s) = 223*s - 3. Suppose 4*b = -2*f - 8, -2*f + 22 = -5*b - 6. Is p(f) prime?
False
Let g be 12*(1 + (-4)/12). Let j(t) = t**2 + 5*t + 15. Is j(g) a composite number?
True
Let n be 98/(-8) + (-2)/(-8). Is 1 + (-3)/(n/136) prime?
False
Suppose -1 = q, 2*y - 3*q - 126 = -13. Is y prime?
False
Suppose -2*o = -7*o + 7035. Suppose -o = -4*r + 61. Is r composite?
False
Suppose 8*z - 450 = 3*z. Suppose 0 = 4*d - z - 490. Is d prime?
False
Suppose o = 4*v - 4, 3*o - v - 5 = -17. Let c be (-2)/o + (-13)/2. Is c/9*(-66)/4 composite?
False
Let g = -2318 + 3955. Is g prime?
True
Suppose 10*k = 9*k + 55. Is k composite?
True
Let g(n) = n**3 - 11*n**2 - 12*n - 2. Let v be g(12). Is (-79)/(v*3/6) prime?
True
Suppose -5*p = j, -2*j = -0*j. Let b(v) = 10*v**3 - 10*v**2 - 7*v + 49. Let h(s) = 7*s**3 - 7*s**2 - 5*s + 33. Let m(w) = 5*b(w) - 7*h(w). Is m(p) prime?
False
Let o(l) = 17*l**3 + l**2 + 6*l + 6. Let p(r) = 8*r**3 + r**2 + 3*r + 3. Let v(x) = 3*o(x) - 7*p(x). Let c be v(-3). Suppose b = 4*b - c. Is b prime?
False
Let a = 9 + 3. Suppose -2*s + a = -10. Is s composite?
False
Suppose -y - 36 = -285. Is y a prime number?
False
Let l = 6049 + -4238. Is l a prime number?
True
Let z = -67 - -123. Suppose 2*p = f - 35, 6*p = -2*f + p + 25. Suppose r = -2*c + 3*r + z, 5*r + f = 0. Is c a composite number?
False
Let u be 33/12 - (-5)/20. Suppose d = u*d - 14. Is d composite?
False
Suppose -3*y - c = -2*c - 352, -4*y + 3*c = -471. Let o be (-2 + 1)/(1/(-2)). Suppose 2*k + 0*k = -4*w + 142, -o*k - y = -3*w. Is w prime?
True
Let a be (-3)/6*6 - 1. Let n(s) = 11*s - 3. Let v(p) = p - 1. Let g(d) = -n(d) + 2*v(d). Is g(a) a prime number?
True
Suppose -4*o = 5*c - 305, -3*c + 6*o - 4*o = -161. Is c a prime number?
False
Let o(s) = -4*s**3 + 2*s**2 + 2*s + 1. Let f be o(3). Let w = 378 - 260. Let u = f + w. Is u a composite number?
True
Is 0 + 0 - (4 + -3 + -260) a composite number?
True
Let c(t) = -3*t**2 + t + 1. Let q(s) = 6*s**2 - s - 3. Let y(f) = -7*c(f) - 3*q(f). Is y(-5) prime?
True
Suppose 3*q = 5*s - 225, q + 215 = 2*s + 3*s. Let y = s + -5. Is y composite?
False
Suppose r - 2*r = -4. Suppose g - r*v = -0*g + 28, g = 2*v + 32. Suppose -a + 14 = -y, 4*a - 7*a + g = -y. Is a prime?
True
Suppose 37*o - 4265 = 32*o. Is o a prime number?
True
Let x = 14 - 10. Let y be ((-56)/(-20))/((-2)/(-10)). Let h = y - x. Is h a prime number?
False
Let j = 16 - 14. Is 93/5 + j/5 a composite number?
False
Let h = 0 + -2. Let v = h + 0. Is v/2*38/(-2) a prime number?
True
Let x(l) = 2*l + 6. Let q be x(-2). Is -28*((-75)/4 + q) a composite number?
True
Suppose -3*d + 7 + 5 = 0. Suppose i + d*o + 22 = 3*i, 0 = -2*o. Is i a composite number?
False
Let t(z) be the first derivative of z**3/3 - z**2 + 2*z + 2. Let j be t(2). Let g = j - -9. Is g a prime number?
True
Let n(g) be the first derivative of g**2/2 + 18*g + 2. Let i be n(0). Suppos